-18 + 23. Suppose w*s + 6 = 7*s. Calculate the greatest common divisor of 3 and s.
3
Let a = -1 - -19. Suppose -4*p - 594 = -7*p. What is the greatest common divisor of p and a?
18
Let j(n) = n**2 - 5*n + 6. Let g be j(4). Let z = 2 - g. Suppose z = -2*u - 5*o - 17, -4*u - 4 = -0*o + 4*o. What is the greatest common divisor of 12 and u?
4
Suppose 3*d - 485 = -5*z - 2*d, -3*z - 5*d + 289 = 0. Let f(x) = 16*x + 1. Let c be f(1). Let v = -3 + c. Calculate the greatest common factor of z and v.
14
Let f be (-4)/(-18) - (-626)/18. Calculate the highest common factor of 105 and f.
35
Let t(o) = o**3 - 6*o**2 - 4*o - 9. Let a be t(7). Suppose 23 = 5*b - a. What is the highest common divisor of 35 and b?
7
Let i = 9 - -123. Suppose 4*a = 5*n - 4 - 48, -6 = -3*a. What is the highest common factor of n and i?
12
Suppose -3*i = -10 - 23. Let r = 6 - 0. Let u be 1*124 - (r + -3). What is the highest common divisor of u and i?
11
Suppose 50 = 2*g - 3*p, -2*g + g + p = -25. Suppose 3*n = 5*s - 18, 0 = -s - 3*n - 7 + g. Calculate the greatest common divisor of s and 30.
6
Suppose -4*n - 115 = -3*b, -2*b = -b - n - 40. Suppose 2*s = l - 1, 2*l - 3 - 7 = 0. Suppose -2 = -s*m + 28. Calculate the greatest common divisor of m and b.
15
Let h(c) = -c**3 - c**2 - 3*c**2 + 6*c**2 + 3*c + 2. Let a be h(3). Suppose -2 = -3*t + 13. Calculate the highest common factor of a and t.
1
Let u be (-2)/10 - 96/(-30). Suppose u*h - 10 = -1. Suppose -h*x - r - 53 = -8*x, -2*x + 3*r = -29. What is the highest common factor of x and 90?
10
Suppose 2*w = -3*w + 30. Suppose 5*l + 5*n - 80 = 0, -3*l + w*l - 4*n - 13 = 0. Calculate the greatest common divisor of l and 88.
11
Suppose -4*v + 3 = 2*x - x, -4*v + 3*x - 9 = 0. Suppose -4*y + v*d = 4*d - 184, -4 = -d. Suppose 6*z - y = 3*z. What is the highest common factor of 42 and z?
14
Suppose -5*r + s + 12 = 2*s, 5*s = 4*r + 2. Suppose 186 = 5*w - 2*y, w = 4*y - 1 + 49. Let x = -18 + w. What is the highest common divisor of x and r?
2
Let z(w) = w**2 + 14*w - 5. Let r be z(-15). Calculate the greatest common divisor of r and 2.
2
Let q be -4 + 11 + 0 + 4. What is the greatest common factor of 77 and q?
11
Let y be (-5)/(-15) - 1/3. Suppose 2*v + 18 = 4*o, y = 4*o + 3*v + v. Suppose 0 = -8*c + o*c + 225. Calculate the highest common divisor of 30 and c.
15
Suppose -3 = c - 6. Suppose -7*f + c*f + 2*m + 468 = 0, -f + 117 = 4*m. Calculate the greatest common divisor of 13 and f.
13
Suppose -4*o + 0*o + 116 = 4*a, -70 = -2*o - 5*a. Calculate the highest common divisor of o and 175.
25
Let i be 1 - (-3)/(3/17). What is the highest common divisor of i and 54?
18
Let u = -229 + 383. What is the greatest common divisor of 14 and u?
14
Suppose -27 = -2*b - b. Suppose 0 = -3*i - 0*i + b. Let x be 265/8 + 3*(-2)/48. Calculate the highest common divisor of i and x.
3
Suppose -2*x + 6 = -100. Let r be -3 - 3/((-3)/x). Let q be (-1)/4 + (-41)/(-4). Calculate the greatest common factor of r and q.
10
Suppose 3*q = -2*t - 2 + 21, -5*t = -2*q. Suppose -2*i = t, i - 3 = -3*o + 17. Suppose -n + 22 = o. What is the highest common factor of n and 60?
15
Let w(x) = x**3 + 12*x**2 + 10*x - 15. Let k be w(-11). Let t be ((-1)/3)/(k/420). Calculate the highest common factor of t and 14.
7
Suppose 3*z - 7 = 5*v + 7, 0 = z + v - 2. Let a = -5 + 8. Calculate the greatest common divisor of z and a.
3
Let f(x) = 2*x**2 + 3*x + 22. Let q be f(-8). What is the highest common divisor of q and 14?
14
Let g be ((-2)/6)/((-1)/3). Let w(r) = -r**2 - 7*r - 7. Let t be w(-5). Suppose -t*h + 55 = 22. What is the greatest common factor of h and g?
1
Suppose 0 = d - 2*d + 108. Suppose -2*t + 3*w = -21, -3*t + t + 20 = -4*w. What is the greatest common factor of d and t?
12
Let y = 43 + -13. Suppose 2*h + 20 = 2*w, 4*w - 5*h - 40 = -0*w. What is the highest common factor of y and w?
10
Let o = -13 - -24. Let g(p) = 14*p**2 + 2*p + 1. Let w be g(-3). Calculate the highest common divisor of w and o.
11
Suppose -13*m = -6*m - 175. Calculate the highest common divisor of m and 5.
5
Let m be ((-15)/3 + 2)*-3. What is the greatest common divisor of m and 18?
9
Let r(o) = -o**2 - o - 8. Let t be r(0). Let v(q) = -11*q**2 + 10*q**2 - 6*q - 5*q. Let g be v(t). What is the highest common divisor of g and 264?
24
Let f = -16 + 19. Suppose -2*a = f*d - 117, -86 = a - 2*a + 4*d. What is the highest common divisor of a and 6?
6
Let y(g) = 19*g + 4. Let h(f) = -f**2 - 2*f + 5. Let p be h(-3). Let q be y(p). What is the highest common factor of q and 14?
14
Let t(p) = 0 + 3 + 6*p - 8 - 2*p. Let c be t(2). What is the highest common factor of 3 and c?
3
Let p = -2 - -4. What is the greatest common factor of 1 and p?
1
Suppose -p = 5*a - 55, 79 = 2*p + 4*a - 19. Calculate the greatest common divisor of 5 and p.
5
Let p be (-18 - -14)/(4/(-3)). Calculate the highest common factor of 3 and p.
3
Let k be (-470)/(-90) - 4/18. What is the highest common factor of k and 45?
5
Let i be 0 + (-15)/3*-1. Let h(o) = 5*o**2 - 2*o - 4. Let d be h(3). What is the greatest common factor of i and d?
5
Let l be -1 + 1 + 3*1. Let g(x) be the second derivative of 35*x**3/6 + x. Let o be g(l). What is the highest common divisor of o and 15?
15
Suppose -4*s = -6*s + 6. Suppose 0*g - 2*g + j = -121, s*g = -2*j + 178. What is the highest common factor of g and 12?
12
Let g = 12 - 6. Let x be (-40)/6*(-9)/g. Let z be (4/10)/((-2)/(-20)). Calculate the greatest common factor of z and x.
2
Suppose -2*a + 0*z = -3*z - 16, 5*z - 40 = -5*a. Let u be 6 - (-6)/(-3 - -6). Calculate the highest common factor of u and a.
8
Let i be ((-15)/20)/(((-2)/(-56))/(-1)). What is the greatest common divisor of i and 21?
21
Let k be ((-220)/(-3))/((-2)/(-12)). Suppose k = 3*d - d. Calculate the greatest common factor of 20 and d.
20
Suppose -6*t - 26 = m - 3*t, m - 5*t = -34. Let h = m - -40. Suppose 0*n + 11 = n. Calculate the highest common factor of n and h.
11
Let v be 4/(-10) + (-12)/(-5). Suppose -20 = -5*z - 2*o, -4*z + v*z - 5*o = -8. Let r = z - -2. What is the greatest common factor of 2 and r?
2
Let r(x) = 9*x - 2. Let n be r(2). Suppose -4*j = -2*g - 40, n = -2*j - 4*g + 56. What is the greatest common factor of 8 and j?
4
Suppose 5 = u - 6. Suppose 44 - 2 = 4*s - t, -s + 2*t + 14 = 0. Suppose 61 = 5*j - 4*f + f, 5*f + s = 0. Calculate the greatest common factor of j and u.
11
Suppose -3 = -k + 2*k. Let x be (39/(-12))/(k/48). What is the greatest common divisor of x and 130?
26
Let i(n) = 3*n - 21. Let y be i(13). What is the greatest common divisor of 6 and y?
6
Suppose 0 = 5*w - m - 77, -2*w - 20 = 2*m - 58. Suppose q = 5*n - 716, -5*q - 156 = -2*n + 112. What is the greatest common factor of w and n?
16
Let j be 333/21 - 2/(-14). Let d(p) = -p**2 - 6*p - 5. Let q be d(-4). Suppose -146 + 26 = -q*z. Calculate the greatest common factor of j and z.
8
Suppose -4*u + 210 = u. Suppose 0 = -w + 3*w + 30. Let f(k) = k**3 + 14*k**2 - 15*k + 14. Let s be f(w). Calculate the highest common factor of s and u.
14
Let k = -4 - -16. What is the greatest common factor of k and 60?
12
Let w = 31 + -10. Suppose i - 2*i - w = -2*s, 0 = 4*i - 20. Calculate the greatest common divisor of s and 117.
13
Suppose 0 = 6*s + s - 84. Calculate the highest common divisor of 8 and s.
4
Suppose -3*a + 15 = 2*a. Suppose 6*z + o - 3 = 4*z, a*z + o = 6. Suppose z*m - 4*m = -4. What is the greatest common factor of m and 20?
4
Let h = -4 + 8. Let v be (1/1 + -1)/1. Suppose 12 = -v*c + h*c. What is the greatest common factor of 15 and c?
3
Suppose -5*t + 18 = -127. Let z = 48 - t. Suppose 3*u - 3*k = 294, 0 = 5*u + 5*k - 530 + 70. What is the greatest common divisor of z and u?
19
Let c(s) = -s**2 + s. Let b be c(1). Suppose -n + 11 = o - 6*n, b = o - 4*n - 13. Calculate the highest common factor of 21 and o.
21
Let j = 21 - 14. Let z(o) = -13*o + 1. Let y be z(-1). What is the greatest common divisor of j and y?
7
Suppose 3*a - 15 = -0. What is the greatest common divisor of 40 and a?
5
Let b be ((-8)/(-10))/2 - (-56)/35. What is the greatest common divisor of 14 and b?
2
Let j be (1 + -1)/(4 + -3). Suppose j = 2*r - 3*d - 19, r - 17 = -2*d + d. Calculate the highest common divisor of 14 and r.
14
Let d(q) = -q**2 - 11*q - 7. Let y be d(-9). Calculate